{"id":5182,"date":"2025-08-14T16:21:27","date_gmt":"2025-08-14T21:21:27","guid":{"rendered":"https:\/\/conociendojaen.pe\/travel\/?page_id=5182"},"modified":"2025-08-14T16:37:26","modified_gmt":"2025-08-14T21:37:26","slug":"terminos-condiciones","status":"publish","type":"page","link":"https:\/\/conociendojaen.pe\/travel\/terminos-condiciones\/","title":{"rendered":"TERMINOS Y CONDICIONES"},"content":{"rendered":"\t\t<div data-elementor-type=\"wp-page\" data-elementor-id=\"5182\" class=\"elementor elementor-5182\">\n\t\t\t\t\t\t<section class=\"elementor-section elementor-top-section elementor-element elementor-element-a63b4c9 elementor-section-boxed elementor-section-height-default elementor-section-height-default\" data-id=\"a63b4c9\" data-element_type=\"section\" data-settings=\"{&quot;background_background&quot;:&quot;classic&quot;}\">\n\t\t\t\t\t\t\t<div class=\"elementor-background-overlay\"><\/div>\n\t\t\t\t\t\t\t<div class=\"elementor-container elementor-column-gap-default\">\n\t\t\t\t\t<div class=\"elementor-column elementor-col-100 elementor-top-column elementor-element elementor-element-1fdbfde\" data-id=\"1fdbfde\" data-element_type=\"column\">\n\t\t\t<div class=\"elementor-widget-wrap elementor-element-populated\">\n\t\t\t\t\t\t<div class=\"elementor-element elementor-element-9f64a83 --secondaryFontFamily elementor-widget elementor-widget-heading\" data-id=\"9f64a83\" data-element_type=\"widget\" data-widget_type=\"heading.default\">\n\t\t\t\t<div class=\"elementor-widget-container\">\n\t\t\t\t\t<h2 class=\"elementor-heading-title elementor-size-default\">T\u00c9RMINOS Y CONDICIONES<\/h2>\t\t\t\t<\/div>\n\t\t\t\t<\/div>\n\t\t\t\t\t<\/div>\n\t\t<\/div>\n\t\t\t\t\t<\/div>\n\t\t<\/section>\n\t\t\t\t<section class=\"elementor-section elementor-top-section elementor-element elementor-element-49c86a76 elementor-section-full_width elementor-section-height-default elementor-section-height-default\" data-id=\"49c86a76\" data-element_type=\"section\">\n\t\t\t\t\t\t<div class=\"elementor-container elementor-column-gap-default\">\n\t\t\t\t\t<div class=\"elementor-column elementor-col-100 elementor-top-column elementor-element elementor-element-61fadcb1\" data-id=\"61fadcb1\" data-element_type=\"column\">\n\t\t\t<div class=\"elementor-widget-wrap elementor-element-populated\">\n\t\t\t\t\t\t<div class=\"elementor-element elementor-element-50973569 elementor-widget__width-auto elementor-absolute elementor-hidden-tablet elementor-hidden-mobile elementor-widget elementor-widget-image\" data-id=\"50973569\" data-element_type=\"widget\" data-settings=\"{&quot;_position&quot;:&quot;absolute&quot;}\" data-widget_type=\"image.default\">\n\t\t\t\t<div class=\"elementor-widget-container\">\n\t\t\t\t\t\t\t\t\t\t\t\t\t\t\t<img decoding=\"async\" width=\"162\" height=\"195\" src=\"https:\/\/conociendojaen.pe\/travel\/wp-content\/uploads\/2022\/09\/decoration-1.png\" class=\"attachment-large size-large wp-image-3545\" alt=\"\" \/>\t\t\t\t\t\t\t\t\t\t\t\t\t\t\t<\/div>\n\t\t\t\t<\/div>\n\t\t\t\t\t<\/div>\n\t\t<\/div>\n\t\t\t\t\t<\/div>\n\t\t<\/section>\n\t\t<div class=\"elementor-element elementor-element-66db223 e-flex e-con-boxed e-con e-parent\" data-id=\"66db223\" data-element_type=\"container\">\n\t\t\t\t\t<div class=\"e-con-inner\">\n\t\t\t\t<div class=\"elementor-element elementor-element-5593bca --secondaryFontFamily elementor-widget elementor-widget-heading\" data-id=\"5593bca\" data-element_type=\"widget\" data-widget_type=\"heading.default\">\n\t\t\t\t<div class=\"elementor-widget-container\">\n\t\t\t\t\t<h2 class=\"elementor-heading-title elementor-size-default\">T\u00c9RMINOS Y CONDICIONES<\/h2>\t\t\t\t<\/div>\n\t\t\t\t<\/div>\n\t\t\t\t<div class=\"elementor-element elementor-element-5e3675b elementor-widget elementor-widget-text-editor\" data-id=\"5e3675b\" data-element_type=\"widget\" data-widget_type=\"text-editor.default\">\n\t\t\t\t<div class=\"elementor-widget-container\">\n\t\t\t\t\t\t\t\t\t<ol><li>Antes de realizar el pago, confirmar disponibilidad del tour y fecha.<\/li><li>Antes de realizar la reserva, comunicarse para confirmaci\u00f3n de disponibilidad, 30 minutos antes de efectuar el dep\u00f3sito o transferencia, siendo inv\u00e1lidas comunicaciones fuera del tiempo indicado en los que se haya podido confirmar disponibilidad de cupos y no se haya hecho la separaci\u00f3n correspondiente con el pago del 50%.<\/li><li>Las anulaciones y postergaciones de viaje por parte del excursionista, ser\u00e1n recibidas solo hasta 72 horas, luego de ello se pierde la reserva.<\/li><li>Todo pasajero que no se presente a un servicio programado y reservado, sin previa anulaci\u00f3n y aceptaci\u00f3n, ser\u00e1 considerado como NO SHOW, y se cobrar\u00e1 el 100% de la tarifa sin derecho a reembolsos, ni reclamos.<\/li><li>A la excursi\u00f3n todos los pasajeros deben llevar su DNI o PASAPORTE.<\/li><li>Todos los ni\u00f1os ser\u00e1n identificados con su DNI. Ni\u00f1os mayores de 05 a\u00f1os pagan.<\/li><li>La acomodaci\u00f3n en el bus es seg\u00fan el orden en que van llegando al punto de partida. No se separar\u00e1n asientos.<\/li><li>CONOCIENDO JA\u00c9N TRAVEL recomienda que todo viajero tenga un Seguro de Accidente y\/o de Viaje. Nosotros no proveemos una p\u00f3liza de seguros contra accidentes o de viajes, ya que \u00e9stos no est\u00e1n incluidos en nuestros costos.<\/li><li>Es total responsabilidad del pasajero leer el itinerario, la empresa no se hace responsable por falta de informaci\u00f3n del mismo, como pagos adicionales no incluidos en el servicio que ofrecemos, hora y lugar de salida, recomendaciones y ubicaci\u00f3n de asientos.<\/li><li>Todos los viajeros son conscientes y est\u00e1n de acuerdo en seguir el itinerario y hacer el recorrido tal como el gu\u00eda lo indicar\u00e1.<\/li><li>El gu\u00eda est\u00e1 obligado a comunicarse con el pasajero al tel\u00e9fono de contacto brindado, el cual ser\u00e1 no mayor a 04 llamadas, en caso de no obtener respuesta en un lapso m\u00e1ximo de 10 minutos, se iniciar\u00e1 el tour.<\/li><li>Durante el tour los pasajeros deber\u00e1n respetar el horario establecido por el gu\u00eda, como muestra de respeto a los dem\u00e1s pasajeros, de lo contrario no nos haremos responsables de la decisi\u00f3n que se tome en conjunto con los pasajeros a bordo.<\/li><li>Si un pasajero o miembro de un grupo se enferma o surge un percance, nosotros lo trasladaremos a una cl\u00ednica o centro de salud m\u00e1s cercano, para su debida atenci\u00f3n.<\/li><li>En caso de accidentes o cuando sea necesaria una evacuaci\u00f3n, nosotros organizamos toda la log\u00edstica de rescates y evacuaci\u00f3n. En ambos casos, los gastos corren por cuenta del cliente o seguro con que \u00e9ste cuente.<\/li><li>En casos fortuitos, por situaciones climatol\u00f3gicas o desastres naturales se suspender\u00e1 el tour para una pr\u00f3xima fecha, o se cambiar\u00e1 el itinerario, con la finalidad de que el pasajero no corra riesgos. Queda claro que CONOCIENDO JA\u00c9N TRAVEL puede hacer modificaciones de las excursiones, debido a condiciones del clima, hora de arribo o partida; o por cualquier otra raz\u00f3n relevante, las mismas que garantizar\u00e1n el mejor desarrollo del viaje en coordinaci\u00f3n con los pasajeros.<\/li><li>El tour tendr\u00e1 como punto de partida y retorno el mismo lugar, salvo que el excursionista al retorno desee bajar en un lugar distinto al del inicio del mismo.<\/li><\/ol>\t\t\t\t\t\t\t\t<\/div>\n\t\t\t\t<\/div>\n\t\t\t\t\t<\/div>\n\t\t\t\t<\/div>\n\t\t\t\t<\/div>\n\t\t","protected":false},"excerpt":{"rendered":"<p>About Travel Nomad Wholesome Travel Experiences A new journey begin here within, find a destination that suits you and start travelling. We offer best travel packages. As the travel market grows further in India so does issues of security and safety of foreigners travelling to India every year. Though government is doing its bit, there [&hellip;]<\/p>\n","protected":false},"author":1,"featured_media":0,"parent":0,"menu_order":0,"comment_status":"closed","ping_status":"closed","template":"elementor_header_footer","meta":{"footnotes":""},"class_list":["post-5182","page","type-page","status-publish","hentry","travel-monster-post","no-post-thumbnail","latest_post"],"_links":{"self":[{"href":"https:\/\/conociendojaen.pe\/travel\/wp-json\/wp\/v2\/pages\/5182","targetHints":{"allow":["GET"]}}],"collection":[{"href":"https:\/\/conociendojaen.pe\/travel\/wp-json\/wp\/v2\/pages"}],"about":[{"href":"https:\/\/conociendojaen.pe\/travel\/wp-json\/wp\/v2\/types\/page"}],"author":[{"embeddable":true,"href":"https:\/\/conociendojaen.pe\/travel\/wp-json\/wp\/v2\/users\/1"}],"replies":[{"embeddable":true,"href":"https:\/\/conociendojaen.pe\/travel\/wp-json\/wp\/v2\/comments?post=5182"}],"version-history":[{"count":22,"href":"https:\/\/conociendojaen.pe\/travel\/wp-json\/wp\/v2\/pages\/5182\/revisions"}],"predecessor-version":[{"id":5205,"href":"https:\/\/conociendojaen.pe\/travel\/wp-json\/wp\/v2\/pages\/5182\/revisions\/5205"}],"wp:attachment":[{"href":"https:\/\/conociendojaen.pe\/travel\/wp-json\/wp\/v2\/media?parent=5182"}],"curies":[{"name":"wp","href":"https:\/\/api.w.org\/{rel}","templated":true}]}}